-1). Let c = l - -282. What are the prime factors of c?
101
Let t(a) = 7*a**2 + 12*a + 10. Let r be t(-2). Suppose 2668 = 9*m + r*m. What are the prime factors of m?
2, 29
Let g(y) = -9*y**2 - y + 2. Let a be g(-4). What are the prime factors of a/(-230)*1145/1?
3, 229
Suppose -5*w + 100 = 4*q, 0 = 5*w - 22*q + 24*q - 100. List the prime factors of 23478/90 - w/(-150).
3, 29
Suppose 4*i = 2*q + 1656 + 634, -2*i + 2*q = -1150. Let w = i + -316. What are the prime factors of w?
2, 127
Let p be (-7 - -6)/((-1)/3). Let x(b) = 29*b - 10. Let m be x(p). Let l = 163 - m. List the prime factors of l.
2, 43
Suppose -10*q - 384318 = 13*q - 1232535. List the prime factors of q.
3, 19, 647
Let j be 682/14 - (-6)/21. Let b(r) = -r**2 + 4*r + 19 + j + 3. List the prime factors of b(0).
71
Let o(h) = 642*h - 726. List the prime factors of o(33).
2, 3, 5, 11, 31
Let v(b) = -19*b + 21. Let r be v(6). Let z be (14/(-5))/(r/15 + 6). Let a = 40 - z. List the prime factors of a.
2, 13
Let u(a) = a**2 + 9*a + 14. Suppose -3*v - 27 = -6. Let x be u(v). List the prime factors of (x - (-5)/5)*24.
2, 3
What are the prime factors of (-2139)/((-22 - -12)/10)?
3, 23, 31
Suppose 8901*p - 8911*p + 40910 = 0. List the prime factors of p.
4091
Let w = 96 - 93. Let b(l) = l**3 - 6*l**2 + 8*l + 4. Let r be b(w). What are the prime factors of r - (-155 - 2) - -1?
3, 53
Suppose 136955 = 5*v + 5*b, -50338 = -2*v - 3*b + 4443. What are the prime factors of v?
2, 107
List the prime factors of 18*(-50)/(-675)*(0 - -31791).
2, 10597
Suppose u - 39985 = -5*c, -5*u = 2*c - 21859 + 5865. What are the prime factors of c?
11, 727
Let f = 4960 - 2661. Let i be 3/15 + f/5. Suppose i + 130 = 5*z - 5*k, -k = 4. List the prime factors of z.
2, 3, 19
Suppose -3*j + 5 = 8. What are the prime factors of (-688)/(2/j - 0)?
2, 43
Let j(z) = 206*z**2 - 11*z + 37. Let c be j(3). Suppose -3*m + 33*n = 38*n - 5570, m = -2*n + c. List the prime factors of m.
2, 5, 37
Let w(h) = -19*h**3 + 1. Let c be w(-1). What are the prime factors of (2/1)/(c/1120)?
2, 7
Let n(b) = 4*b**2 - 22*b - 5. Let g be n(-20). Let m = -567 + g. List the prime factors of -4 - 51/(-15) - m/(-5).
293
Suppose -304*r = -4425555 + 477150 - 6167195. What are the prime factors of r?
5, 11
Let c(m) = 76*m - 655. List the prime factors of c(40).
3, 5, 53
Let r(d) = -d**3 - d**2 + 12*d + 3. Let m be r(3). Suppose 4*i + m*t - 1111 = 6333, 4*i - 7440 = -4*t. What are the prime factors of i?
2, 233
Let l(w) = 32*w**2 + 55*w + 257. What are the prime factors of l(-12)?
5, 29
Let k(q) = 58*q**3 - 2*q + 10. Let w be (-4)/(-4 - (-48)/18). What are the prime factors of k(w)?
2, 5, 157
Let p(n) = 12*n - 4. Let m(d) = -2*d**2 - 16 + 290*d - 305*d - 1. Let b be m(-5). List the prime factors of p(b).
2, 23
Let r be (-126)/105*10/(-6). Let u(c) = 3*c**2 - 3*c**2 + 3*c**r - 10. What are the prime factors of u(-4)?
2, 19
Let k(j) = 209*j**2 - 3*j - 2. Let p be 88/(-55) - (17/5 + -3). What are the prime factors of k(p)?
2, 3, 5, 7
Let q(v) = -683*v - 2764. List the prime factors of q(-18).
2, 5, 953
Suppose -23*m = -32 - 83. Suppose 3*w = 3*z + 1134, -m*w - 5*z + 1595 = -275. List the prime factors of w.
2, 47
Let n(t) = 82*t - 24. Suppose 16*d = -3*d + 152. What are the prime factors of n(d)?
2, 79
Let i(q) = q - 21. Let p be i(5). Let v(h) = -h**2 - 21*h - 5. Let s be v(p). Let y = s + 34. List the prime factors of y.
109
Let l(r) = 39*r + 75. Let d be 7 + -1 + 13 + -10. List the prime factors of l(d).
2, 3, 71
Let c(o) = o**3 + 5*o + 30. Let m be c(6). Let b = 2069 - m. List the prime factors of b.
11, 163
Suppose 0 = -3*x + 3*q + 9360, 2*x = 10*q - 6*q + 6234. List the prime factors of x.
3, 347
Let o = -21 + 16. Let y(t) = -t**3 - 9*t**2 - 8*t - 3. Let v be y(o). Let b = v + 123. List the prime factors of b.
2, 3, 5
Suppose -19*u + 48 = -7*u. Let f be ((4 + 4)/u - 1) + 55. Suppose -3*q + f = q. What are the prime factors of q?
2, 7
What are the prime factors of ((-582)/(-970))/(10572/10570 - 1)?
3, 7, 151
Suppose l = -h + 7655, -3*h + 4*l + 25624 = 2680. What are the prime factors of h?
2, 1913
Suppose 7*x - 57 = 4*x. Suppose 5*j = 1599 - x. What are the prime factors of j?
2, 79
Let u(l) = 669*l**3 - 8*l**2 + 79*l - 12. List the prime factors of u(4).
2, 2687
Let j(h) = h**3 - 17*h**2 - 2*h - 4. Let i be j(23). Suppose -2*a - c = -2076, -8*a - c = -11*a + i. What are the prime factors of a?
2, 5, 13
Suppose 902 = l + 5*z, 5*l - 2*z - 2*z - 4655 = 0. Suppose 5*v = l - 157. What are the prime factors of (-4)/22 - (-6342)/v?
41
Let u = -108 - -27. Let m = 87 + u. Suppose -m*w + 458 - 8 = 0. List the prime factors of w.
3, 5
Let q be -1 - 2/(-6) - (-21776)/48. List the prime factors of q/9*(-18)/(-1) + -5.
17, 53
Let q(s) = -110*s + 5. Let p be q(5). Let w be p/4 + 0 + 1/4. What are the prime factors of 12/(w/36 + 4)?
2, 3
Suppose 2*t - 48146 = -4*m, 11*t - 7*t - 84258 = -7*m. What are the prime factors of m?
2, 11, 547
Let m = 49 - 50. Let v be -2*(12/(-8) - m) - -419. Suppose -a + u = 4*a - v, 2*a - 195 = -5*u. List the prime factors of a.
5, 17
Suppose 3*b - 6*b + 27 = 0. Suppose -5*f - b - 11 = 0. What are the prime factors of -2 - 352/(f + 0)?
2, 43
Let s = -75930 - -107736. What are the prime factors of s?
2, 3, 19, 31
Let o = 28355 - 9438. What are the prime factors of o?
18917
Let b = -129 - -129. Suppose -18*p + 21*p - 657 = b. List the prime factors of p.
3, 73
Suppose 0 = g + 4*g - 3*d - 79, d - 39 = -3*g. Let a(y) = -y**3 + 16*y**2 + 3*y - 48. List the prime factors of a(g).
2, 193
Let m = -4505 - -9020. What are the prime factors of m?
3, 5, 7, 43
Suppose -b - 3 = 0, 2*y + 4*b = 5*b + 19. Suppose y*m - 474 = 190. What are the prime factors of m?
83
Let h = 22653 - 13010. List the prime factors of h.
9643
Let d = 86 + -218. List the prime factors of (-1)/(-4) - 48169/d*3.
3, 5, 73
Let n(d) = -12*d**3 - 19*d**2 - 20*d + 372. List the prime factors of n(-9).
3, 13, 199
Let i(j) = -j**3 - 15*j**2 - 20*j - 18. Suppose 3*x = -62 + 17. List the prime factors of i(x).
2, 3, 47
Let l be 0 - -63 - (-18 + 15). Suppose l*c = 57*c + 6057. What are the prime factors of c?
673
Suppose 4*y - 164 = 4*q - 2244, 12 = -4*y. Let m = q - 69. What are the prime factors of m?
2, 7
Let q(o) = -8*o**3 - 5*o**2 - 3*o - 3. Let j(g) = g**3 + g**2 - 4*g - 1. Let b be j(2). Suppose -10 + 19 = -b*v. List the prime factors of q(v).
3, 59
Let c(j) = j**3 + j**2 + 4. Let m be c(0). Suppose -d - 3*a = -351, m*a - 8*a + 8 = 0. What are the prime factors of d?
3, 5, 23
Suppose -5*f = -15, 3*q = -3*f - 24461 + 80063. What are the prime factors of q?
3, 29, 71
Suppose c + 4*c - 2*f - 19547 = 0, 3*c - 11721 = 3*f. Suppose -8*d - 447 = -c. What are the prime factors of d?
433
Suppose -3*p - 179 - 3478 = 0. Let a = p - -2280. List the prime factors of a.
1061
Suppose 0 = -8*h + 9*h - 43. Suppose -122 - h = -3*v. Let t = 99 - v. What are the prime factors of t?
2, 11
Suppose -7*n = 7*n - 21210. Let x = -971 + n. What are the prime factors of x?
2, 17
Suppose -4*i + 5 = -y, -2 - 8 = i - 4*y. Let b = i + 554. What are the prime factors of b?
2, 139
Let j = 611 + -393. Suppose 15*v - j = 13*v. List the prime factors of v.
109
Suppose -7*b + 11*b + 5*x = -21, 3*b + 10 = 2*x. List the prime factors of 3 + b + 2 - -412.
7, 59
Suppose -o = -t + 9843, 6*t - 2*t + 2*o = 39390. What are the prime factors of t?
2, 3, 547
Suppose -128*w = -113*w - 30. What are the prime factors of (-4027 - w)/(-3*1)?
17, 79
Let g be -5*(-6)/210 + (-108)/21. Let x(d) = -d**3 + 4*d**2 + 7*d - 31. What are the prime factors of x(g)?
3, 53
Let v(m) = 17*m - 13. Let r be v(3). What are the prime factors of -714*(r/(-42) - 3/7)?
2, 7, 17
Let y(q) = 331*q**2 - 17*q - 30. What are the prime factors of y(-3)?
2, 3, 5
Suppose 12495994 - 3110674 = 120*y. What are the prime factors of y?
7, 11173
Suppose -3*c - x = -7, 0 = -0*c + 4*c - 5*x - 22. Suppose 0 = 2*t - 3*t + 3. Suppose -192 = -c*q + 3*w, 5*w - w - 206 = -t*q. List the prime factors of q.
2, 3, 11
Suppose 2871770 = 89*n + 52873. What are the prime factors of n?
19, 1667
Let j(m) = 25 + 18 + 170*m**2 - 45 - 4*m. List the prime factors of j(-1).
2, 43
What are the prime factors of (-5)/(-2) + (41 - 42 - 11817/(-2))?
2, 3, 5, 197
Suppose 646*s = 638*s + 2040. Le